{"id":1147,"date":"2024-04-29T11:49:02","date_gmt":"2024-04-29T10:49:02","guid":{"rendered":"https:\/\/quickshipping.fr\/?page_id=1147"},"modified":"2024-04-29T11:49:02","modified_gmt":"2024-04-29T10:49:02","slug":"politique-de-cookies-ue","status":"publish","type":"page","link":"https:\/\/quickshipping.fr\/index.php\/politique-de-cookies-ue\/","title":{"rendered":"Politique de cookies (UE)"},"content":{"rendered":"<div id=\"pl-1147\"  class=\"panel-layout\" ><div id=\"pg-1147-0\"  class=\"panel-grid panel-no-style\" ><div id=\"pgc-1147-0-0\"  class=\"panel-grid-cell\" ><div id=\"panel-1147-0-0-0\" class=\"so-panel widget widget_sow-headline panel-first-child\" data-index=\"0\" ><div\n\t\t\t\n\t\t\tclass=\"so-widget-sow-headline so-widget-sow-headline-default-ec1eb4cebc48-1147\"\n\t\t\t\n\t\t><div class=\"sow-headline-container \">\n\t\t\t\t\t\t\t<h2 class=\"sow-headline\">\n\t\t\t\t\t\tPolitique de Cookies \u2013 QuickShipping.fr\t\t\t\t\t\t<\/h2>\n\t\t\t\t\t\t\t\t\t\t\t<div class=\"decoration\">\n\t\t\t\t\t\t<div class=\"decoration-inside\"><\/div>\n\t\t\t\t\t<\/div>\n\t\t\t\t\t<\/div>\n<\/div><\/div><div id=\"panel-1147-0-0-1\" class=\"so-panel widget widget_sow-editor panel-last-child\" data-index=\"1\" ><div\n\t\t\t\n\t\t\tclass=\"so-widget-sow-editor so-widget-sow-editor-base\"\n\t\t\t\n\t\t>\n<div class=\"siteorigin-widget-tinymce textwidget\">\n\t<h4><strong>1. Introduction<\/strong><\/h4>\n<p>Chez QuickShipping, nous utilisons des cookies pour am\u00e9liorer votre exp\u00e9rience sur notre site web <a href=\"http:\/\/quickshipping.fr\/\" target=\"_new\" rel=\"noopener\">http:\/\/quickshipping.fr\/<\/a>. Cette politique explique comment et pourquoi nous utilisons ces technologies et les choix dont vous disposez.<\/p>\n<h4><strong>2. Que sont les cookies ?<\/strong><\/h4>\n<p>Un cookie est un petit fichier texte envoy\u00e9 \u00e0 votre navigateur par les sites web que vous visitez. Il aide le site \u00e0 m\u00e9moriser des informations sur votre visite, comme votre langue pr\u00e9f\u00e9r\u00e9e et d'autres param\u00e8tres. Cela peut rendre votre prochaine visite plus facile et le site plus utile pour vous. Les cookies jouent un r\u00f4le crucial dans l'am\u00e9lioration des services en ligne.<\/p>\n<h4><strong>3. Comment utilisons-nous les cookies ?<\/strong><\/h4>\n<p>Nous utilisons des cookies pour :<\/p>\n<ul>\n<li><strong>Am\u00e9liorer l'exp\u00e9rience de navigation<\/strong> : Faciliter votre navigation sur le site en m\u00e9morisant vos pr\u00e9f\u00e9rences.<\/li>\n<li><strong>Analyser notre trafic web<\/strong> : Collecter des informations anonymes sur l'usage et les performances de notre site. Nous utilisons ces donn\u00e9es pour am\u00e9liorer le fonctionnement de QuickShipping.fr.<\/li>\n<li><strong>Publicit\u00e9 cibl\u00e9e<\/strong> : (Si applicable) Fournir des publicit\u00e9s plus pertinentes et en lien avec vos int\u00e9r\u00eats.<\/li>\n<\/ul>\n<h4><strong>4. Types de cookies utilis\u00e9s<\/strong><\/h4>\n<ul>\n<li><strong>Cookies essentiels<\/strong> : Ces cookies sont indispensables pour vous permettre de naviguer sur le site et d'utiliser ses fonctionnalit\u00e9s.<\/li>\n<li><strong>Cookies de performance<\/strong> : Ces cookies collectent des informations sur la mani\u00e8re dont les visiteurs utilisent le site, par exemple les pages les plus visit\u00e9es. Ils identifient uniquement votre navigateur et votre appareil de mani\u00e8re anonyme.<\/li>\n<li><strong>Cookies de fonctionnalit\u00e9<\/strong> : Ces cookies permettent au site de se souvenir des choix que vous avez faits (comme votre nom d'utilisateur).<\/li>\n<li><strong>Cookies de publicit\u00e9<\/strong> : (Si applicable) Ces cookies enregistrent votre visite sur notre site, les pages que vous avez visit\u00e9es et les liens que vous avez suivis.<\/li>\n<\/ul>\n<h4><strong>5. Gestion des cookies<\/strong><\/h4>\n<p>La plupart des navigateurs vous permettent de contr\u00f4ler les cookies \u00e0 travers leurs param\u00e8tres. Vous pouvez configurer votre navigateur pour refuser tous les cookies ou indiquer quand un cookie est envoy\u00e9. Cependant, si vous d\u00e9sactivez les cookies, il se peut que certaines fonctionnalit\u00e9s de notre site ne fonctionnent pas comme pr\u00e9vu.<\/p>\n<p>Pour plus d'informations sur la gestion des cookies, consultez la section d'aide de votre navigateur.<\/p>\n<h4><strong>6. Consentement<\/strong><\/h4>\n<p>Lors de votre premi\u00e8re visite sur QuickShipping.fr, un bandeau vous informe de l'utilisation des cookies et vous donne la possibilit\u00e9 de les accepter ou de les refuser. En continuant \u00e0 utiliser notre site apr\u00e8s avoir fait votre choix, vous acceptez notre utilisation des cookies.<\/p>\n<h4><strong>7. Modifications de notre politique de cookies<\/strong><\/h4>\n<p>Nous pouvons mettre \u00e0 jour cette politique de cookies de temps en temps. Toutes les modifications seront publi\u00e9es sur cette page. Nous vous encourageons \u00e0 consulter r\u00e9guli\u00e8rement cette politique pour rester inform\u00e9 de notre utilisation des cookies.<\/p>\n<h4><strong>8. Contact<\/strong><\/h4>\n<p>Pour toute question relative \u00e0 notre politique de cookies, veuillez nous contacter via contact@quickshipping.fr.<\/p>\n<\/div>\n<\/div><\/div><\/div><\/div><\/div>","protected":false},"excerpt":{"rendered":"<p>1. Introduction Chez QuickShipping, nous utilisons des cookies pour am\u00e9liorer votre exp\u00e9rience sur notre site web http:\/\/quickshipping.fr\/. Cette politique explique comment et pourquoi nous utilisons ces technologies et les choix dont vous disposez. 2. Que sont les cookies ? Un cookie est un petit fichier texte envoy\u00e9 \u00e0 votre navigateur par les sites web que &hellip;<\/p>\n","protected":false},"author":1,"featured_media":0,"parent":0,"menu_order":0,"comment_status":"closed","ping_status":"closed","template":"","meta":{"_acf_changed":false,"footnotes":""},"acf":[],"_links":{"self":[{"href":"https:\/\/quickshipping.fr\/index.php\/wp-json\/wp\/v2\/pages\/1147"}],"collection":[{"href":"https:\/\/quickshipping.fr\/index.php\/wp-json\/wp\/v2\/pages"}],"about":[{"href":"https:\/\/quickshipping.fr\/index.php\/wp-json\/wp\/v2\/types\/page"}],"author":[{"embeddable":true,"href":"https:\/\/quickshipping.fr\/index.php\/wp-json\/wp\/v2\/users\/1"}],"replies":[{"embeddable":true,"href":"https:\/\/quickshipping.fr\/index.php\/wp-json\/wp\/v2\/comments?post=1147"}],"version-history":[{"count":2,"href":"https:\/\/quickshipping.fr\/index.php\/wp-json\/wp\/v2\/pages\/1147\/revisions"}],"predecessor-version":[{"id":1149,"href":"https:\/\/quickshipping.fr\/index.php\/wp-json\/wp\/v2\/pages\/1147\/revisions\/1149"}],"wp:attachment":[{"href":"https:\/\/quickshipping.fr\/index.php\/wp-json\/wp\/v2\/media?parent=1147"}],"curies":[{"name":"wp","href":"https:\/\/api.w.org\/{rel}","templated":true}]}}