{"id":99,"date":"2015-04-23T12:38:18","date_gmt":"2015-04-23T12:38:18","guid":{"rendered":"http:\/\/xml-io.proteusthemes.com\/cargopress\/?page_id=99"},"modified":"2024-03-22T19:12:10","modified_gmt":"2024-03-22T18:12:10","slug":"cargo","status":"publish","type":"page","link":"https:\/\/quickshipping.fr\/index.php\/services\/cargo\/","title":{"rendered":"Transport Cargo"},"content":{"rendered":"<div id=\"pl-99\"  class=\"panel-layout\" ><div id=\"pg-99-0\"  class=\"panel-grid panel-no-style\" ><div id=\"pgc-99-0-0\"  class=\"panel-grid-cell\" ><div id=\"panel-99-0-0-0\" class=\"so-panel widget widget_black-studio-tinymce widget_black_studio_tinymce panel-first-child panel-last-child\" data-index=\"0\" ><div class=\"textwidget\">Au cours des deux derni\u00e8res d\u00e9cennies, le transport de marchandises a connu une croissance soutenue, favoris\u00e9e par l'av\u00e8nement d'outils tels qu'Internet et la vente en ligne. L'am\u00e9lioration des services de transport maritime, a\u00e9rien et terrestre, ainsi que l'ouverture de nouvelles lignes dans le monde, ont rapproch\u00e9 les populations. Cette \u00e9volution a contribu\u00e9 \u00e0 d\u00e9mocratiser le transport de marchandises, traditionnellement r\u00e9serv\u00e9 aux professionnels et peu accessible aux particuliers, souvent stigmatis\u00e9s.\n\nChez QUICK SHIPPING SERVICES, nous avons constamment \u0153uvr\u00e9 au cours des dix derni\u00e8res ann\u00e9es pour offrir des solutions simples, efficaces et abordables \u00e0 nos clients particuliers m\u00e9ritants. Nos \u00e9quipes form\u00e9es sont l\u00e0 pour r\u00e9pondre \u00e0 vos besoins et vous accompagner avec des outils modernes tels que WhatsApp sur les axes que nous proposons actuellement.\n\nD\u00e9couvrez des services comme le \u00ab SELF D\u00c9M\u00c9NAGEMENT \u00bb, adapt\u00e9 \u00e0 divers budgets tout en garantissant une qualit\u00e9 de service gr\u00e2ce \u00e0 des astuces simples et des conditions de r\u00e8glement \u00e9tudi\u00e9es pour r\u00e9pondre aux attentes des clients particuliers. N'attendez plus, tentez l'exp\u00e9rience d'exp\u00e9dier vos marchandises ou effets personnels vers nos destinations d\u00e8s maintenant !<\/div><\/div><\/div><div id=\"pgc-99-0-1\"  class=\"panel-grid-cell\" ><div id=\"panel-99-0-1-0\" class=\"so-panel widget widget_black-studio-tinymce widget_black_studio_tinymce panel-first-child panel-last-child\" data-index=\"1\" ><div class=\"textwidget\"><p><img loading=\"lazy\" decoding=\"async\" class=\"alignnone wp-image-529 size-full\" src=\"https:\/\/quickshipping.fr\/wp-content\/uploads\/2015\/04\/34-2.jpg\" alt=\"34\" width=\"848\" height=\"480\" srcset=\"https:\/\/quickshipping.fr\/wp-content\/uploads\/2015\/04\/34-2.jpg 848w, https:\/\/quickshipping.fr\/wp-content\/uploads\/2015\/04\/34-2-600x340.jpg 600w, https:\/\/quickshipping.fr\/wp-content\/uploads\/2015\/04\/34-2-300x170.jpg 300w, https:\/\/quickshipping.fr\/wp-content\/uploads\/2015\/04\/34-2-768x435.jpg 768w\" sizes=\"(max-width: 848px) 100vw, 848px\" \/><\/p>\n<p><img loading=\"lazy\" decoding=\"async\" class=\"alignnone wp-image-530 size-full\" src=\"https:\/\/quickshipping.fr\/wp-content\/uploads\/2015\/04\/23-1.jpg\" width=\"848\" height=\"480\" srcset=\"https:\/\/quickshipping.fr\/wp-content\/uploads\/2015\/04\/23-1.jpg 848w, https:\/\/quickshipping.fr\/wp-content\/uploads\/2015\/04\/23-1-600x340.jpg 600w, https:\/\/quickshipping.fr\/wp-content\/uploads\/2015\/04\/23-1-300x170.jpg 300w, https:\/\/quickshipping.fr\/wp-content\/uploads\/2015\/04\/23-1-768x435.jpg 768w\" sizes=\"(max-width: 848px) 100vw, 848px\" \/><\/p>\n<\/div><\/div><\/div><\/div><\/div>","protected":false},"excerpt":{"rendered":"<p>Au cours des deux derni\u00e8res d\u00e9cennies, le transport de marchandises a connu une croissance soutenue, favoris\u00e9e par l&#8217;av\u00e8nement d&#8217;outils tels qu&#8217;Internet et la vente en ligne. L&#8217;am\u00e9lioration des services de transport maritime, a\u00e9rien et terrestre, ainsi que l&#8217;ouverture de nouvelles lignes dans le monde, ont rapproch\u00e9 les populations. Cette \u00e9volution a contribu\u00e9 \u00e0 d\u00e9mocratiser le &hellip;<\/p>\n","protected":false},"author":1,"featured_media":62,"parent":76,"menu_order":0,"comment_status":"closed","ping_status":"open","template":"","meta":{"_acf_changed":false,"footnotes":""},"acf":[],"_links":{"self":[{"href":"https:\/\/quickshipping.fr\/index.php\/wp-json\/wp\/v2\/pages\/99"}],"collection":[{"href":"https:\/\/quickshipping.fr\/index.php\/wp-json\/wp\/v2\/pages"}],"about":[{"href":"https:\/\/quickshipping.fr\/index.php\/wp-json\/wp\/v2\/types\/page"}],"author":[{"embeddable":true,"href":"https:\/\/quickshipping.fr\/index.php\/wp-json\/wp\/v2\/users\/1"}],"replies":[{"embeddable":true,"href":"https:\/\/quickshipping.fr\/index.php\/wp-json\/wp\/v2\/comments?post=99"}],"version-history":[{"count":14,"href":"https:\/\/quickshipping.fr\/index.php\/wp-json\/wp\/v2\/pages\/99\/revisions"}],"predecessor-version":[{"id":633,"href":"https:\/\/quickshipping.fr\/index.php\/wp-json\/wp\/v2\/pages\/99\/revisions\/633"}],"up":[{"embeddable":true,"href":"https:\/\/quickshipping.fr\/index.php\/wp-json\/wp\/v2\/pages\/76"}],"wp:featuredmedia":[{"embeddable":true,"href":"https:\/\/quickshipping.fr\/index.php\/wp-json\/wp\/v2\/media\/62"}],"wp:attachment":[{"href":"https:\/\/quickshipping.fr\/index.php\/wp-json\/wp\/v2\/media?parent=99"}],"curies":[{"name":"wp","href":"https:\/\/api.w.org\/{rel}","templated":true}]}}